5, what is -2001 + -10?
-2011
In base 5, what is -1302023 + 2?
-1302021
In base 9, what is -43 - -5?
-37
In base 2, what is 1 - -1101100?
1101101
In base 16, what is 32 - -2?
34
In base 7, what is 1052 - -4?
1056
In base 11, what is -5 - -3?
-2
In base 12, what is 183 - 0?
183
In base 16, what is 0 - -cdb?
cdb
In base 12, what is 2 - 73?
-71
In base 12, what is 5 - -224?
229
In base 13, what is -3 - -7b?
78
In base 8, what is 37 - 3?
34
In base 7, what is 33542 - 5?
33534
In base 9, what is -3 + -836?
-840
In base 5, what is 0 + 202434?
202434
In base 5, what is -2220 - -14?
-2201
In base 11, what is 10 - 137?
-127
In base 5, what is -414 + 31?
-333
In base 4, what is 12 + -101?
-23
In base 13, what is 0 - -167?
167
In base 13, what is 7478 + -1?
7477
In base 4, what is 2301 - 0?
2301
In base 9, what is 53 - -6?
60
In base 9, what is 4 + -585?
-581
In base 7, what is -330 - -4?
-323
In base 12, what is 2 + 44?
46
In base 16, what is f + -12?
-3
In base 6, what is -4 - 1144?
-1152
In base 3, what is 1 + -1112112?
-1112111
In base 3, what is 122202 + -11?
122121
In base 14, what is 437 + 2?
439
In base 9, what is 2 - -248?
251
In base 5, what is -3 - 40?
-43
In base 4, what is 3102 - -10?
3112
In base 9, what is 4734 + 1?
4735
In base 12, what is 2b3 - -2?
2b5
In base 16, what is -320 + -4?
-324
In base 16, what is a8 + 2?
aa
In base 11, what is 7 - -1267?
1273
In base 14, what is -490 - c?
-49c
In base 4, what is -2 - 31?
-33
In base 15, what is -19 - 22b?
-245
In base 3, what is 210 - -12?
222
In base 12, what is 3 - -950?
953
In base 16, what is -b0 - 17?
-c7
In base 6, what is 34 - 3?
31
In base 11, what is -5 + 300?
2a6
In base 5, what is 14144 + 10?
14204
In base 3, what is 1222 + -120?
1102
In base 6, what is 1205 + 13?
1222
In base 15, what is 1 + -3d3?
-3d2
In base 3, what is -10 + -2111?
-2121
In base 7, what is 5 + 21356?
21364
In base 6, what is -2 - 15?
-21
In base 9, what is -608 + -5?
-614
In base 10, what is -35468 + 2?
-35466
In base 4, what is -121 - -10?
-111
In base 10, what is -11 - 20?
-31
In base 16, what is -3 + -12b?
-12e
In base 4, what is 23 - 3011?
-2322
In base 16, what is -1ba + 1?
-1b9
In base 8, what is -16 + -34?
-52
In base 12, what is 6 - 14?
-a
In base 7, what is 31 - 20?
11
In base 10, what is -484 + -1?
-485
In base 8, what is 2256 + 4?
2262
In base 10, what is 8 - 84?
-76
In base 16, what is -278 + -c?
-284
In base 8, what is 4 - 15?
-11
In base 6, what is 4 - -112?
120
In base 12, what is -14 + 0?
-14
In base 7, what is -213 - -11?
-202
In base 9, what is 21 + 4?
25
In base 2, what is -1001 + -10101?
-11110
In base 6, what is 13 + 101?
114
In base 5, what is -2 - -10332?
10330
In base 14, what is -6 + -160?
-166
In base 11, what is -6 + 70a?
704
In base 9, what is 17 + 82?
110
In base 9, what is 125 + -2?
123
In base 8, what is 1056 + -14?
1042
In base 5, what is -11120 - -2?
-11113
In base 2, what is 101 + -10101101?
-10101000
In base 2, what is -101 - 10100011?
-10101000
In base 3, what is -1200 + 1002?
-121
In base 6, what is 5 - -111?
120
In base 4, what is -10 + 10100?
10030
In base 3, what is 22111 + -111?
22000
In base 10, what is -38 - 223?
-261
In base 11, what is 5 - -270?
275
In base 11, what is -90 - 0?
-90
In base 2, what is 1001100 + -1001110?
-10
In base 14, what is -285 - -9?
-27a
In base 11, what is 1 - -15?
16
In base 16, what is -66 - 19?
-7f
In base 7, what is 4 + 413?
420
In base 15, what is -2a6 - 1?
-2a7
In base 10, what is -12121 - -1?
-12120
In base 11, what is 102 - 3?
aa
In base 15, what is 4 + -35?
-31
In base 5, what is -101 - -2110?
2004
In base 15, what is -d3 - -2?
-d1
In base 11, what is 0 + -2a?
-2a
In base 13, what is 143 - -1?
144
In base 14, what is 17 - -274?
28b
In base 15, what is -4 - -63e?
63a
In base 12, what is -1420 + 3?
-1419
In base 15, what is -4 + -3?
-7
In base 7, what is -4 + -102?
-106
In base 11, what is -4 + -1052?
-1056
In base 10, what is 100 + 4?
104
In base 4, what is -2100 - 1?
-2101
In base 5, what is -3 + -4?
-12
In base 8, what is 110 - 77?
11
In base 7, what is -5 - -3126?
3121
In base 12, what is -5 + 12?
9
In base 11, what is 93 - 1?
92
In base 14, what is -5 - 9db?
-a02
In base 9, what is 3 - -2435?
2438
In base 5, what is 0 + 131?
131
In base 2, what is 1 + -101110?
-101101
In base 14, what is 0 + -5aa?
-5aa
In base 7, what is 2403 - -2?
2405
In base 12, what is 20 - 53?
-33
In base 3, what is -101222 + 12?
-101210
In base 16, what is 3e + 9?
47
In base 8, what is 151 - -2?
153
In base 13, what is 22 - -b?
30
In base 12, what is 39 - -221?
25a
In base 4, what is 10 + 1122022?
1122032
In base 3, what is -1011 + 1121?
110
In base 2, what is -100 - -111000100000?
111000011100
In base 14, what is -3 + -55?
-58
In base 12, what is 0 + 960?
960
In base 15, what is d4 + 9?
dd
In base 16, what is -2 - -404?
402
In base 16, what is 1 - 535?
-534
In base 4, what is -233 - -11?
-222
In base 14, what is 44 + b?
51
In base 8, what is 1071 - -24?
1115
In base 5, what is 0 + -241?
-241
In base 2, what is -101110 + -11?
-110001
In base 6, what is 5 + -13?
-4
In base 12, what is -27b + 14?
-267
In base 7, what is 351 + 3?
354
In base 9, what is 3008 + 1?
3010
In base 10, what is 350 - 3?
347
In base 7, what is -5 + 2013?
2005
In base 14, what is a + -519?
-50d
In base 11, what is 15 - 11?
4
In base 5, what is 21300 - 4?
21241
In base 12, what is 65 + -1b?
46
In base 15, what is 5 - 3e?
-39
In base 9, what is 135 - 5?
130
In base 9, what is 0 - 7?
-7
In base 2, what is -1010111 + 10111?
-1000000
In base 10, what is 4 - 235?
-231
In base 14, what is -3 - -bc?
b9
In base 12, what is -114 + -1?
-115
In base 13, what is 182a + 0?
182a
In base 13, what is 49 + 3?
4c
In base 13, what is 9 + 1c3?
1cc
In base 11, what is -143 + 5?
-139
In base 10, what is 1 + -206?
-205
In base 14, what is -233 + 0?
-233
In base 16, what is -1 + -1b?
-1c
In base 13, what is -10 + 5?
-8
In base 13, what is -5 - 19?
-21
In base 11, what is -9 - 81?
-8a
In base 4, what is 321 - 1310?
-323
In base 7, what is 33 - 36?
-3
In base 3, what is 11 - 1120120?
-1120102
In base 3, what is -212211 + 2?
-212202
In base 16, what is 3b8 + 1?
3b9
In base 10, what is -11 - 744?
-755
In base 16, what is 146 - -1?
147
In base 10, what is 29 - 43?
-14
In base 16, what is -bb - -f?
-ac
In base 12, what is -2587 + -4?
-258b
In base 6, what is 45050 + 2?
45052
In base 2, what is -10000111110 + -101?
-10001000011
In base 10, what is 19550 - 0?
19550
In base 11, what is a6 + 3?
a9
In base 8, what is 11 + -1157?
-1146
In base 8, what is -4266 - -7?
-4257
In base 4, what is 22 + -323?
-301
In base 6, what is -13 - 1251?
-1304
In base 8, what is -120 + 207?
67
In base 10, what is 2158 - 1?
2157
In base 2, what is -100011101101 - -11?
-100011101010
In base 6, what is -400233 + 3?
-400230
In base 10, what is -1 - 341?
-342
In base 8, what is -10 + -17?
-27
In base 8, what is 2 - -121?
123
In base 10, what is 7853 - -3?
7856
In base 6, what is 20 + -35?
-15
In base 7, what is -22 + 100?
45
In base 14, what is -265 - 46?
-2ab
In base 13, what is -5 - -2c?
27
In base 8, what is 43 + -125?
-62
In base 14, what is 878 - -5?
87d
In base 8, what is 1 + 207?
210
In base 15, what is -1a7 - 2?
-1a9
In base 9, what is 0 + -347?
-347
In base 11, what is 269 + 5?
273
In base 4, what is -2 - 1130?
-1132
In base 4, what is -2332 - 3?
-3001
In base 11, what is -519 - 5?
-523
In base 9, what is 88 + 22?
121
In base 3, what is 101 - 21100?
-20222
In base 6, what is -24 + -24?
-52
In base 2, what is -11 + -110011?
-110110
In base 4, what is -320 - -20?
-300
In base 12, what is -4 - 1259?
-1261
In base 15, what is 5 - -4a?
50
In base 12, what is a5 - -3?
a8
In base 7, what is -5 + -52?
-60
In base 2, what is 11111 - 0?
11111
In base 13, what is 26 - 3?
23
In base 3, what is -12 + -12000?
-12012
In base 16, what is 52 + -5?
4d
In base 16, what is -1 - 53?
-54
In base 14, what is -15 + 1?
-14
In base 8, what is 77 - -5?
104
In base 16, what is -3 - -ab4?
ab1
In base 6, what is -123 - 1155?
-1322
In base 15, what is 3 + 3e?
42
In base 13, what is 1 + -152?
-151
In base 7, what is -56 + 6?
-50
In base 2, what is 10 + 1100111?
1101001
In base 14, what is -21cc + -2?
-21d0
In base 13, what is -b71 + 0?
-b71
In base 2, what is 1010000 